 l**6/180 + l**5/60 - l**3 - 7. Let b(u) be the third derivative of j(u). Let i be -3*8/(-12) + 0. Determine b(i).
4
Let f = -57 + 63. Let h(s) = 3*s**2 + 9*s + 2. Let t be (12/(-10))/(14/(-105)). Let w(a) = 7*a**2 + 19*a + 4. Let i(z) = t*h(z) - 4*w(z). Determine i(f).
-4
Let z(s) = 5*s + 8. Let m(d) = -15*d - 23. Let y(g) = 4*m(g) + 11*z(g). What is y(-3)?
11
Let t(y) = 4 - 3 + 2 - 2*y - 4*y - y**2. What is t(-5)?
8
Let c(q) = -17*q - 45. Let d be c(-8). Let r(w) = -w + 7*w**2 - d + 91. Give r(1).
6
Let w(k) = -66 + 126 - 49 - 3*k - k**2 - 5*k. What is w(-8)?
11
Let g(b) = -b**2 - b + 20. Let j be g(0). Let s(h) = j - 2*h - 7 - 14. Give s(5).
-11
Suppose 0 = -5*q - 5*i + 30, 0 = -2*q - 2*q + 5*i + 15. Suppose 12 = -q*g + 17. Let x(v) = 4*v**2 - v + 1. Calculate x(g).
4
Suppose -4*r + 7*r + 2*h = 27, 3*h = -3*r + 27. Let f = r + -11. Let o(a) be the first derivative of a**4/4 + 5*a**3/3 - 2*a - 1. Calculate o(f).
10
Let y(m) = m**3 - m**2 - m + 8. Let z be y(0). Let b(r) = 16*r + r**2 - z*r - 3 - 2*r**2. Calculate b(7).
4
Suppose 3*j = 5*m + 26, -j = 4*j + 4*m + 6. Let y(c) = c**3 + c**2 + 2. What is y(j)?
14
Let m(n) = 3*n + 1. Let a be m(4). Suppose -a = -4*x + 5*z, 3*z - 7 = -5*x - 0. Let y(o) = -3*o - 2 + x*o + 6. Calculate y(6).
-2
Let n(c) be the third derivative of 1/120*c**6 + 0 + 0*c**3 - 1/20*c**5 - 27*c**2 - 1/24*c**4 + 0*c. Let h be -5*(-2 - (-6)/5). What is n(h)?
12
Suppose 5*o = t + 1, 11*t = -5*o + 10*t + 9. Let k(h) = h**2 - h - 1. Let x be k(-1). Let l(g) = 1 - 8*g - x. Calculate l(o).
-8
Let y(s) be the second derivative of s**5/20 + 2*s**4/3 + s**3/6 - 4*s**2 - 146*s. What is y(-7)?
34
Let a(t) = 3*t - 1. Let j be a(2). Let n(o) be the first derivative of -o**3/3 + 3*o**2 + 7*o - 427. Determine n(j).
12
Let t(q) be the second derivative of q**3/2 - 5*q**2/2 + 12*q. Let x be 374/66 + 2/(-3). Determine t(x).
10
Let q(p) = 3*p**3 - 2*p**2 + 2*p - 2. Let j(m) = 2*m**3 - 3*m**2 + 3*m - 3. Let l(t) = 4*j(t) - 3*q(t). Let v be l(-7). Let s(b) = -5*b + v + 3 - 1. Give s(2).
-7
Let o be (-13)/((3/3)/2). Let r = -11 - o. Suppose 10 = 5*j - r. Let k(w) = -w**3 + 6*w**2 - 6*w - 1. What is k(j)?
-6
Let u(p) = -p**2 + 5*p + 8. Let k = 44 - 42. Suppose 21 = k*l + l. Determine u(l).
-6
Let f(h) = 5*h - 1 + 9*h**3 - 13*h**3 - 4*h. Suppose 0 + 5 = 5*b. Calculate f(b).
-4
Let s be (6/(-15))/((-2)/20) - 3. Let o(b) = -5 + s + 5 + 3*b**2 + 4*b. Determine o(-3).
16
Suppose -3*q + 23 = -13. Let v = -240 + 225. Let d = q + v. Let w(h) = -2*h**2 - 5*h - 4. Determine w(d).
-7
Let v(f) = 522*f + 1037. Let j be v(-2). Let x(q) be the second derivative of -q**3/6 - q**2/2 + 2*q. Calculate x(j).
6
Let y(s) = -s**3 + 3*s**2 + 5*s + 1. Let c(f) = 2*f**2 + 4*f - 12. Let b be c(-6). Let j = -32 + b. Give y(j).
5
Let w(z) = -5*z**2 + 10*z**2 + z - 2 + 1. Let y(k) = k**2 + k + 1. Let f(g) = 5*g + 7. Let o(m) = -f(m) + 6*y(m). Let j(p) = -4*o(p) + 5*w(p). Calculate j(-3).
5
Let m(n) be the third derivative of n**5/30 + n**4/24 - n**3/2 + 2*n**2. Suppose 13*h = 8 - 47. Give m(h).
12
Let v(r) = r + 9. Let h be 2 - 2 - 7 - (-129)/(-43). What is v(h)?
-1
Let p(l) = -l**2 + 11*l - 7. Let u be (-24)/5*25/(-10). What is p(u)?
-19
Suppose 17*m = 11*m + 12. Let j(k) be the second derivative of 1/12*k**4 + 4*k + 0 + 0*k**3 - 3*k**m. Determine j(0).
-6
Let r(n) be the second derivative of 8*n + 0 - 2/3*n**3 - 1/30*n**5 + 1/120*n**6 - 2*n**2 - 1/12*n**4. Let p(b) be the first derivative of r(b). Give p(3).
-1
Let r(g) = -g**3 + 14*g**2 + 1. Let t be r(14). Let k(q) = q**2 - q + 1. Determine k(t).
1
Suppose 3*p - 2*d = 2 + 1, -2*p + 18 = 4*d. Suppose 1 = -3*z + 10, x - z = -p. Let m(a) = a - 2. What is m(x)?
-2
Let b = -4 + 6. Let x(q) = -142*q + 2 + 14*q + 123*q. Give x(b).
-8
Let q = 260 + -255. Let v(m) = -m**2 + 8*m - 4. Determine v(q).
11
Let l(u) be the second derivative of u**6/360 + u**5/120 + u**4/4 + 7*u**3/2 - u**2/2 + 54*u. Let w(h) be the second derivative of l(h). Calculate w(0).
6
Suppose -5*a + 24 + 26 = 5*i, 4*i - 50 = -5*a. Suppose u - 15 = a. Let d = u + -27. Let n(p) = p**3 + 4*p**2 + p - 1. Calculate n(d).
5
Let d(n) = 7 + n**2 - 2*n**2 + 4*n**2 - 5*n**2 - 4*n. What is d(-5)?
-23
Let d(a) = -a**2 + 10*a - 10. Let k(j) = -34*j - 162. Let f be k(-5). Give d(f).
6
Suppose r = 2*y + 23, -2*y - 7 = 3. Let p(n) = -n**3 + 1 + 5 + 10*n - r + 8*n**2. What is p(9)?
2
Let n(a) = 23*a**2 - 13*a - 3. Let t(h) = 19*h**2 - 12*h - 4. Let d(w) = -5*n(w) + 6*t(w). What is d(-7)?
-9
Let b(s) = s**2 + 10*s + 28. Suppose -69*c - 636 = -222. Give b(c).
4
Let d(x) = -x**3 - 6*x**2 + 9*x + 10. Let p(u) = 7*u + 19. Let z(o) = 15*o + 38. Let a(y) = -13*p(y) + 6*z(y). Let q be a(-12). Calculate d(q).
-4
Let y(d) be the first derivative of -d**2/2 + 4*d - 73. Give y(3).
1
Let g(i) = 3*i**2 + 3*i + 1. Let t(r) = 10*r**2 - 2. Let u be t(1). Suppose -13 = u*b + 3. Calculate g(b).
7
Let z(y) be the third derivative of -y**6/120 - 2*y**5/15 - y**4/4 - 2*y**3/3 + y**2 + 24. Give z(-7).
-11
Let k(a) = 0*a - 6*a + 8*a + 2. Let j = -360 + 355. Give k(j).
-8
Let n(z) = z + 3. Let p(v) = 1. Suppose 5*i = -r - 20, -4*r + 4*i = -66 + 26. Let l(j) = r*p(j) + n(j). Give l(-6).
2
Let s(r) = 76 + 95*r**3 + 10*r**2 - 63 + 7*r - 96*r**3. Determine s(11).
-31
Let a(t) be the second derivative of t**3/3 - t**2/2 + 98*t - 2. Determine a(4).
7
Let w = 198 + -196. Let s(l) = 15*l + 1. Calculate s(w).
31
Let i(f) = -3*f + 11. Let s be (-9 - 3)*22/33. Calculate i(s).
35
Let a(o) = 9*o**3 + 7*o**2 + 6. Let y(z) = 18*z**3 + 15*z**2 + 13. Let l(q) = -13*a(q) + 6*y(q). Calculate l(1).
-10
Let j(u) = -u**3 - 2*u**2 + u + 1. Let g(a) = -5*a**3 - 13*a**2 + 2*a + 3. Let o(s) = g(s) - 4*j(s). What is o(-2)?
-9
Let l be (-99)/(-27) + (-4)/(-12). Let m(k) be the third derivative of k**4/8 - k**3/3 - k**2. Give m(l).
10
Suppose -1 = 2*a + 1. Let d(q) = -9*q - 13. Let c(i) = -20*i - 29. Let j(n) = -4*c(n) + 9*d(n). Calculate j(a).
0
Let k = -3 + 6. Suppose -t + k*d + 0 = -6, -3*d = -4*t - 12. Let a(q) = -q**3 - 7*q**2 - 7*q - 8. Calculate a(t).
-2
Let x be (-10)/(-1)*(-8)/20. Let l = x - -8. Let f(c) be the third derivative of -c**4/8 + 2*c**3/3 + 12*c**2 - 2. Determine f(l).
-8
Let i(m) = 2*m + 3. Let r(j) = j + 1. Let w(c) = 5*i(c) - 6*r(c). Determine w(-5).
-11
Let j = 105 + -112. Let t(d) = -d**2 - 5*d + 7. Calculate t(j).
-7
Let m(j) = 9*j**2 - 3*j + 2. Let u be (-4)/9 + (-169)/(-117). Determine m(u).
8
Let g(k) = -k**3 - 2*k**2 - 2*k - 1. Let s(t) be the second derivative of t**4/12 + 4*t**3/3 - 5*t**2 - t. Let a = -63 + 54. Let o be s(a). What is g(o)?
0
Let f(d) = 3 - 1 - 5 + 2 + d**2 + 9*d. What is f(-7)?
-15
Let g(d) = d**3 - 10*d**2 - 13*d + 4. Let p(h) = h**3 - 9*h**2 - 12*h + 4. Let v(o) = -5*g(o) + 6*p(o). Let q = -232 + 237. Give v(q).
-6
Let j(s) = -s**2 + 34. Let k be j(5). Let q(a) = 5*a**2 + 9*a - 4. Let m(t) = -t**2 - 2*t + 1. Let v(y) = k*m(y) + 2*q(y). What is v(0)?
1
Let x(o) be the second derivative of o**4/12 - 4*o**3/3 - 5*o**2 + 4*o + 15. Suppose 0 = -5*d + f + 47, 5*d = 2*d - 4*f + 19. Calculate x(d).
-1
Suppose 6*r - r = -f + 7, -3*f = 5*r - 11. Let z(s) be the first derivative of -5/3*s**3 + 3/2*s**f + 0*s - 2. Give z(2).
-14
Let t(r) be the third derivative of -r**4/8 + 4*r**3/3 - 101*r**2. Determine t(7).
-13
Let i be (15/(-9))/((-10)/36). Suppose 7*t + 22 = -i. Let q(v) = -v**3 - 6*v**2 - 6*v. Determine q(t).
-8
Let b(f) = -f + 5. Let t(s) = s**2 - s - 2. Let w be t(-2). Suppose -w = -o + 4. Calculate b(o).
-3
Suppose d - 2 = -d. Suppose -4*n = 4*m - 4, 0 = -5*m - 3 - 2. Let w(k) = n*k - 6 + 6 + 1. Determine w(d).
3
Suppose -r = -1 - 3. Suppose -5*n + c - 19 = 0, -3*n - 6*c - 14 = -r*c. Let x(p) = -2*p + 3. What is x(n)?
11
Let c = -10 - -7. Let i be c/(-2)*(-24)/9. Let z(y) = 34 - 17 - y**3 - 16 - 2*y**2 + 6*y. Calculate z(i).
9
Let y(f) = f + 4*f + f - 7*f. Let h be (-160)/(-25) + 4/(-10). Let r be (-6)/h - (-12)/2. Give y(r).
-5
Let n = -28 - -53. Let d be 10/n + (-14)/10. Let p(t) = -1 + 6*t - 12*t - 4*t. Determine p(d).
9
Let b(o) = 2*o + 1. Let x be b(-4). Let f(t) be the second derivative of t**4/12 + 4*t**3/3 + t**2 - 13*t. Let i be f(x). Let w(r) = -r**2 - 4*r + 2. Give w(i).
-3
Let j(f) = -f + 7. Let v = 194 + -190. Give j(v).
3
Let t(b) = -b - 4. Let m be t(-6). Let a(x